 of s and 31.
31
Let b be 1 + -2 + -20 + 1. Suppose 150 = -64*g + 121*g - 63*g. Let u = b - g. What is the greatest common factor of 35 and u?
5
Let o = -2207 - -2889. Calculate the highest common factor of o and 44.
22
Let d = -18236 + 24561. Calculate the highest common factor of d and 1012.
253
Let o = -33 - -38. Suppose 0*f - 5*f + o = 0. Let c be (-3)/(2*f/(-96)). Calculate the greatest common divisor of 18 and c.
18
Suppose -169 = -5*t + 2*n, -t = 20*n - 15*n - 50. What is the greatest common factor of t and 10955?
35
Let d(u) = 3*u**2 + 65*u - 184. Let m be d(5). What is the highest common divisor of m and 4239?
27
Let l = -9784 + 9804. Calculate the greatest common factor of 4780 and l.
20
Let v(c) = c**3 + 44*c**2 + 55*c - 58. Let t be v(-42). What is the greatest common factor of 2552 and t?
232
Let y(s) = 604*s - 4189. Let l be y(7). What is the greatest common factor of 6097 and l?
13
Let n(w) = -14*w**2 - 1813*w - 197. Let x be n(-127). Calculate the greatest common divisor of 288 and x.
72
Suppose 2 = -3*d - 2*y + 13, 5*d - 5*y = 35. Suppose -d*b = 5*h - 405, b + 330 = 5*b + 2*h. Let s = 96 + -84. Calculate the highest common factor of s and b.
12
Let m(t) be the third derivative of -t**4/6 - 18*t**3 - 8*t**2 - 2. Let i be m(-33). What is the greatest common divisor of 408 and i?
24
Let z(u) = 6*u**2 + 9*u - 2. Let k be z(9). Let p = -404 + k. Calculate the greatest common divisor of p and 46.
23
Suppose -r + 4*l = -41, -3*r + 125 = 2*r - 4*l. Let u = -7 + r. Let q = 8069 + -8034. What is the greatest common factor of u and q?
7
Suppose 112 = 4*k + x, 0 = -10*k + 11*k + 3*x - 50. What is the highest common factor of 28093 and k?
13
Suppose -6860 = -12*k - 58*k. Let z = 154 + -126. What is the greatest common factor of z and k?
14
Let i(y) = -7*y + 52. Let m be i(7). Suppose -n = -m*h + 52, 3*n - 2*n - 92 = -5*h. Calculate the highest common divisor of h and 144.
18
Suppose -12*u - 5*u + 9945 = 34*u. What is the greatest common divisor of u and 845?
65
Let u be (-906)/30 - (-8)/(-10). Let c = u - -52. Suppose -4*f + 50 = 3*m, 23*m + 4*f - 78 = 18*m. Calculate the highest common divisor of m and c.
7
Suppose -4*l - 1072 = 36. Let q = -237 - l. What is the highest common factor of q and 24?
8
Let v be ((-936)/(-182))/(1/245). What is the highest common divisor of 36 and v?
36
Suppose -4*x + 8*x - 58 = -5*p, 0 = -p - 2. Suppose -6654 - 3024 + 73 = -113*i. Calculate the highest common factor of x and i.
17
Let s be ((-52)/(-20) - 2) + (-752)/(-5). Let d = s - 140. Calculate the greatest common divisor of d and 143.
11
Let t(a) = 2*a**2 + 36*a - 286. Let r be t(-27). Calculate the greatest common divisor of r and 6.
2
Suppose -2*x - x + 15 = 0, 2*x + 416 = 3*h. Let a = h - -453. What is the greatest common factor of a and 170?
85
Let w be 12/26 - 228/156. Let z be -5 - w - 1/((-2)/344). What is the highest common factor of z and 63?
21
Let j = -38 + 83. Suppose 0 = l - 0*l - 3. Calculate the highest common factor of l and j.
3
Suppose 351*c = 336*c + 20295. What is the highest common divisor of c and 164?
41
Suppose -6*h - 88 = 5*h. Let f(r) = -r**3 - 10*r**2 - 21*r - 26. Let g be f(h). Calculate the greatest common divisor of g and 14.
14
Suppose -28*k + 8*k = -14*k - 1980. What is the highest common factor of 1089 and k?
33
Suppose 3*b = 4*x + 3059, -2*x + 10*x - 2114 = -2*b. What is the highest common factor of b and 966?
21
Suppose 6*c = 27 - 15. Suppose 2*k = 3*n - 775, 627 = -5*n - c*k + 1892. Calculate the greatest common divisor of 17 and n.
17
Let j be (57 - -4) + -12 + (15 - 13). Let i be -2*2/(4/(-17)). Calculate the highest common divisor of j and i.
17
Let z(l) be the first derivative of 10*l - 1/3*l**3 + 12 - 21/2*l**2. Let x be z(-21). Calculate the greatest common factor of x and 4.
2
Let w(m) = 1962*m + 441. Let j be w(2). Calculate the highest common factor of j and 315.
45
Let b = -38 + 49. Suppose 0 = 5*z - 3*r + 156, -2*r + 94 = 2*z - 5*z. Let v = -19 - z. What is the greatest common factor of b and v?
11
Let w(q) = -4*q**2 - 2*q + 18. Let n be w(-9). Suppose 0 = 4*p + 706 + 1062. Let l = n - p. What is the highest common divisor of 14 and l?
14
Suppose -2*v - 2*v + 3*k = -1686, -2*v = 5*k - 856. Suppose o = -148 + v. Calculate the greatest common factor of 11 and o.
11
Suppose 3*y + 15 = 6*y. Suppose 270 = y*s - 5*h, 5*h - 4 = 1. Suppose 2*o + 4*d = d + s, 23 = o + 3*d. What is the highest common factor of o and 48?
16
Suppose -t - 2*h + 12037 = -4*t, -5*t + 5*h - 20065 = 0. Let c = -2590 - t. Suppose 12*q = c + 691. Calculate the highest common divisor of 16 and q.
16
Suppose -x - 335*f + 252 = -332*f, 2*x = 2*f + 472. What is the greatest common factor of x and 12?
12
Let w(h) = 4*h**2 + 12*h + 27. Let g = -482 - -479. Let q be w(g). What is the greatest common divisor of q and 6?
3
Suppose 325 - 175 = 3*g. Let i(w) = -3*w + 4. Let m be i(-2). What is the highest common factor of m and g?
10
Let z be 1*(-51 + (-7 - 0))*(-3 - (-35)/14). Let r(t) = -t + 9. Let v be r(5). Calculate the highest common divisor of v and z.
1
Let o = 3759 + -3491. What is the greatest common factor of 4 and o?
4
Let a(i) = i**2 + 82*i + 242. Let b be a(-88). What is the highest common divisor of 175 and b?
35
Suppose -p + 380 = 4*p. Suppose -12*m - 35 = -17*m. Suppose -2*l + m*f - 4*f + 380 = 0, -3*l + 570 = f. What is the highest common divisor of l and p?
38
Let p be 1 - (-6)/(-4) - (-2669)/34. Suppose 10*u = 13*u - p. Calculate the highest common divisor of 52 and u.
26
Suppose 14*u + 4*f - 804 = 13*u, 0 = 5*u - 2*f - 3998. Calculate the greatest common divisor of 32 and u.
32
Let m(f) = 13*f**2 - 680*f - 6791. Let t be m(-10). Calculate the greatest common divisor of 616 and t.
77
Let u be (-6)/(-21) - (-492)/(-7). Let h = -3272 + 3352. Let r = h + u. What is the highest common divisor of r and 10?
10
Suppose -u - 70 + 74 = 0. Suppose 2*i - 1427 = -3*o, -o + 2*i + 2389 = u*o. What is the highest common divisor of 53 and o?
53
Suppose 5*m - 4*v = 1230, 108*v = -2*m + 111*v + 492. Calculate the greatest common factor of 205 and m.
41
Let o be 6/9*378/12. Suppose -o = -19*k + 112. What is the highest common divisor of k and 2?
1
Let o = 6523 + -6451. Calculate the greatest common factor of 4548 and o.
12
Let y = -4917 - -5197. What is the greatest common factor of 952 and y?
56
Let h = 115 - 181. Let i = -5 + h. Let y = 75 + i. Calculate the highest common divisor of y and 44.
4
Let a be 35/((-7980)/24) - (-1750)/19. Suppose f - 335 = -4*f. Let r = a - f. What is the greatest common divisor of r and 5?
5
Let m be (((-14)/(-14)*-2)/(-2))/(1/1073). Calculate the greatest common factor of 444 and m.
37
Let r(o) = -o**3 + 6*o**2 + 3*o + 35. Let w be r(7). Let y be 2516/24 + (-1)/(-6). Suppose w*t + y = 12*t. Calculate the greatest common factor of t and 21.
21
Suppose -23168 = -96*y - 9596 + 14940. Calculate the highest common factor of y and 216.
27
Let x = 339 + -234. Let f be (-1 - -2)/((-3135)/630 - -5). Calculate the greatest common factor of f and x.
21
Let p(u) = -52*u + 2347. Let j be p(43). Calculate the greatest common factor of j and 69.
3
Let y be 36/(-24)*(-8)/3. Suppose b = q - 151 + 15, b + 145 = y*q. Let o be ((-1)/(1 + 0))/(7/b). What is the highest common divisor of 19 and o?
19
Let s = -534 + 632. Suppose 0*u + 5*u = 245. What is the highest common factor of u and s?
49
Let j = -38 + 54. Let m be (-9)/72 + 98/j. What is the highest common factor of m and 6?
6
Suppose -h - n + 1412 = 0, -4*h - n = 2073 - 7709. Suppose 3*c + 3*t = 1056, 3*c - 4*t - h = -c. Calculate the greatest common factor of 8 and c.
8
Let t = 29597 - 29315. What is the highest common factor of t and 45966?
282
Let l be (219358/134 - 5*1) + 2. Calculate the greatest common factor of 323 and l.
19
Let x(y) = y**3 - 55*y**2 - 4*y + 223. Let v be x(55). What is the highest common divisor of 971 and v?
1
Suppose -2*t = 10, 0*q + 4*t + 15 = -q. Suppose -q*r + 302 = -283. Let v = -117 + 130. Calculate the highest common factor of v and r.
13
Let b be (-5)/(-3) + 1/3. Suppose -b = -2*w - 2*c, -4*w + 2*c = -7*w. Let t be (-122)/(-8) - (w + 10/8). What is the highest common divisor of 48 and t?
16
Suppose 3 = -2*g + 15, 3*d - 2*g - 90 = 0. Calculate the h